of 37632 and 231084?
588
What is the greatest common divisor of 8525338 and 2318?
38
Calculate the greatest common factor of 75184 and 4355344.
592
What is the highest common factor of 1156610 and 8905?
65
Calculate the greatest common divisor of 542740374 and 93.
93
What is the greatest common factor of 416 and 466388?
52
What is the greatest common divisor of 378762636 and 1036?
1036
Calculate the greatest common divisor of 3015 and 6746565.
1005
What is the greatest common factor of 2419243 and 53332?
199
Calculate the greatest common divisor of 118722 and 22842.
282
What is the greatest common divisor of 64369 and 246566?
1091
Calculate the greatest common factor of 6 and 1440242.
2
Calculate the greatest common divisor of 728939 and 56293.
41
What is the greatest common factor of 24648144 and 696?
696
Calculate the greatest common divisor of 56 and 132450766.
14
Calculate the greatest common divisor of 40 and 11232025.
5
Calculate the greatest common factor of 13254682 and 1015.
203
What is the highest common factor of 2350473 and 10363?
241
Calculate the greatest common divisor of 2563 and 21002.
1
Calculate the greatest common divisor of 70 and 24893302.
14
What is the highest common factor of 1508824800 and 17?
17
Calculate the greatest common divisor of 15 and 15872175.
15
Calculate the greatest common divisor of 1027 and 960180.
13
What is the highest common divisor of 5860013 and 1304?
163
Calculate the greatest common divisor of 66330 and 4898370.
2010
Calculate the highest common factor of 1595888 and 1328.
16
Calculate the greatest common factor of 417325535 and 2365.
2365
What is the highest common divisor of 47079 and 243?
9
Calculate the highest common divisor of 427 and 1081835.
61
Calculate the greatest common divisor of 349 and 10676957.
349
What is the highest common divisor of 18574 and 137936?
74
Calculate the highest common factor of 199368 and 1901016.
2808
Calculate the greatest common divisor of 17094 and 10038.
42
What is the highest common divisor of 66 and 1037160?
6
Calculate the highest common divisor of 45072 and 40272.
48
Calculate the greatest common factor of 186424 and 176848.
56
What is the highest common divisor of 13787571 and 1029?
1029
What is the greatest common divisor of 39846 and 52635?
87
What is the highest common factor of 56315 and 9835?
35
Calculate the greatest common divisor of 1709180 and 9350.
1870
Calculate the highest common divisor of 51 and 1247.
1
Calculate the greatest common divisor of 773913 and 313593.
2877
What is the highest common factor of 89760 and 239563830?
5610
What is the highest common factor of 35378 and 966682?
38
What is the highest common factor of 3890880 and 80?
80
What is the highest common divisor of 58 and 92778395?
29
Calculate the greatest common divisor of 17946907 and 11.
11
Calculate the greatest common factor of 1030240 and 4330.
10
What is the highest common divisor of 3922560 and 480384?
3456
Calculate the greatest common divisor of 2289 and 936180399.
2289
Calculate the greatest common factor of 667 and 2172925.
23
What is the highest common divisor of 120 and 42282600?
120
What is the greatest common divisor of 218 and 62704?
2
What is the greatest common factor of 98598528 and 2016?
2016
What is the highest common divisor of 79420 and 4400?
220
What is the greatest common factor of 1503865 and 12025?
185
Calculate the greatest common factor of 4462570 and 530.
10
Calculate the highest common divisor of 4 and 1631018.
2
What is the greatest common factor of 3695 and 25298926?
739
What is the highest common divisor of 11130480 and 972?
108
Calculate the greatest common factor of 459 and 179334.
27
Calculate the greatest common factor of 2704548 and 4620.
924
Calculate the highest common divisor of 127400 and 125227830.
6370
Calculate the highest common divisor of 192565 and 258780.
95
Calculate the highest common factor of 42856761 and 19.
19
What is the greatest common factor of 243 and 319655079?
243
What is the highest common factor of 147242 and 201856?
166
What is the highest common divisor of 40799376 and 276?
12
What is the highest common divisor of 65715203 and 1108?
277
What is the highest common factor of 17473543 and 1266?
211
What is the highest common factor of 342 and 2742232?
38
Calculate the greatest common factor of 117 and 7023987.
9
Calculate the highest common divisor of 1123072171 and 13.
13
What is the greatest common divisor of 39762696 and 413?
59
What is the greatest common divisor of 34407828 and 29953?
2723
What is the highest common divisor of 1384164 and 1800?
36
Calculate the greatest common divisor of 1612 and 1369810.
26
Calculate the greatest common factor of 802944 and 145632.
3936
What is the greatest common factor of 710 and 361748692?
142
What is the greatest common divisor of 816 and 1319264328?
408
What is the greatest common factor of 6161 and 6175241?
101
What is the highest common divisor of 103733 and 19306?
49
Calculate the highest common divisor of 14925 and 356409.
597
What is the greatest common divisor of 8455122 and 1001?
13
Calculate the greatest common factor of 134056104 and 448.
56
Calculate the greatest common factor of 95108 and 4786028.
1612
What is the highest common factor of 20 and 10273460?
20
What is the greatest common divisor of 8 and 2452120?
8
Calculate the greatest common divisor of 10320 and 32600364.
516
Calculate the greatest common factor of 236649 and 23541.
1239
Calculate the highest common divisor of 894055 and 66830.
815
What is the highest common factor of 7 and 643858495?
7
Calculate the highest common factor of 1345856 and 7072.
544
What is the greatest common divisor of 8428 and 311492?
172
What is the highest common factor of 1847274 and 10296?
858
Calculate the highest common factor of 53895168 and 884.
68
What is the greatest common factor of 507 and 1046112873?
507
Calculate the highest common factor of 145 and 133715.
5
What is the greatest common factor of 2856 and 58898616?
168
What is the highest common divisor of 16604385 and 238875?
735
Calculate the highest common factor of 128184 and 239169.
147
What is the greatest common divisor of 227358 and 15318?
18
What is the greatest common divisor of 3748 and 7775226?
1874
What is the greatest common factor of 50773081 and 601?
601
What is the greatest common factor of 46746 and 2538?
18
Calculate the greatest common factor of 24 and 19370808.
24
What is the greatest common factor of 9934781 and 46?
23
Calculate the greatest common factor of 1495 and 30087473.
299
Calculate the highest common factor of 1788674 and 11659.
131
What is the highest common factor of 915 and 2188695?
15
What is the greatest common factor of 248 and 30696?
8
Calculate the highest common divisor of 26435376 and 211464.
2376
Calculate the greatest common divisor of 145 and 7195.
5
What is the greatest common factor of 9648310 and 17861?
337
What is the greatest common factor of 147245 and 587778?
601
Calculate the greatest common divisor of 993825 and 80325.
1575
What is the highest common divisor of 441 and 2030413?
49
Calculate the greatest common divisor of 116696 and 14500.
116
Calculate the greatest common divisor of 600 and 368759200.
200
What is the highest common divisor of 1643582 and 2330?
466
What is the highest common factor of 34276 and 9234676?
1804
What is the highest common divisor of 2266498 and 234?
26
Calculate the greatest common divisor of 1 and 69962891.
1
Calculate the highest common factor of 165972 and 324.
12
Calculate the greatest common divisor of 9554 and 2169302.
34
Calculate the highest common divisor of 735 and 34303920.
735
Calculate the highest common factor of 222607 and 36113.
539
Calculate the greatest common divisor of 56 and 53615128.
56
What is the greatest common divisor of 1155 and 1613150?
385
Calculate the highest common factor of 6202752 and 90624.
384
Calculate the highest common factor of 4 and 4611011.
1
What is the highest common divisor of 5980552 and 1472?
184
What is the highest common factor of 8146250 and 1711570?
3430
What is the highest common factor of 803395 and 820?
205
Calculate the highest common factor of 998939 and 236024.
181
Calculate the highest common factor of 1183 and 1322610